44?
True
Is 6656936 a multiple of 242?
True
Does 253 divide 4437024?
False
Is 416 a factor of 9332238?
False
Is 11 a factor of 27924?
False
Is 4603767 a multiple of 44?
False
Does 39 divide 3399614?
False
Is 11 a factor of 5565939?
False
Is 614796 a multiple of 14?
True
Does 13 divide 2275?
True
Is 309 a factor of 321625?
False
Is 794352 a multiple of 912?
True
Is 32148 a multiple of 282?
True
Does 1131 divide 2343432?
True
Does 248 divide 197160?
True
Does 670 divide 3145650?
True
Is 1387440 a multiple of 940?
True
Is 8 a factor of 3206512?
True
Is 149 a factor of 1818580?
False
Does 33 divide 670929?
False
Does 21 divide 587202?
True
Is 7 a factor of 1564593?
False
Does 24 divide 417164?
False
Does 6 divide 1188018?
True
Is 1155897 a multiple of 137?
False
Does 21 divide 839475?
True
Is 377850 a multiple of 55?
True
Is 225 a factor of 468675?
True
Is 45 a factor of 11520?
True
Is 23 a factor of 1412397?
False
Is 241 a factor of 453080?
True
Is 2808554 a multiple of 579?
False
Does 203 divide 20128668?
True
Does 18 divide 2673396?
True
Does 27 divide 643832?
False
Does 20 divide 1880920?
True
Does 34 divide 1403123?
False
Is 258 a factor of 422869?
False
Is 13860672 a multiple of 32?
True
Does 489 divide 778607?
False
Does 62 divide 277202?
True
Is 6023 a multiple of 19?
True
Does 102 divide 123930?
True
Is 44429 a multiple of 21?
False
Does 195 divide 310440?
True
Is 173 a factor of 4964245?
False
Is 134 a factor of 2658837?
False
Is 84518 even?
True
Does 194 divide 156360?
False
Is 426 a factor of 979745?
False
Does 56 divide 13785017?
False
Does 7 divide 10849279?
True
Does 261 divide 275060?
False
Does 276 divide 6615720?
True
Is 72032 a multiple of 16?
True
Is 128 a factor of 180322?
False
Is 1384 a factor of 2210248?
True
Does 253 divide 2791899?
False
Does 151 divide 5117356?
False
Does 5 divide 10120?
True
Is 262 a factor of 2724538?
True
Does 13 divide 118852?
False
Is 103028 a multiple of 12?
False
Does 66 divide 580987?
False
Is 132286 a multiple of 22?
True
Does 2 divide 136225?
False
Does 259 divide 2565913?
True
Is 147248 a multiple of 661?
False
Is 996061 a multiple of 17?
False
Is 22560 a multiple of 3?
True
Is 625816 a multiple of 8?
True
Does 348 divide 378276?
True
Is 102491 a multiple of 57?
False
Does 68 divide 462672?
True
Is 1881 a multiple of 33?
True
Is 73984 a multiple of 77?
False
Is 3 a factor of 103010?
False
Is 23 a factor of 4772178?
True
Is 4283633 a multiple of 23?
False
Is 38 a factor of 12761870?
False
Is 37 a factor of 13623289?
True
Does 11 divide 3362612?
True
Is 5020392 a multiple of 126?
False
Does 24 divide 84694?
False
Is 30 a factor of 174268?
False
Is 159264 a multiple of 36?
True
Does 53 divide 1213527?
False
Is 7147116 a multiple of 108?
True
Is 15 a factor of 16518658?
False
Is 241 a factor of 167977?
True
Does 426 divide 721444?
False
Is 22635 a multiple of 20?
False
Does 3 divide 88452?
True
Does 11 divide 220207?
False
Does 227 divide 17992?
False
Does 53 divide 9244992?
False
Is 7587809 a multiple of 123?
False
Is 247 a factor of 11001874?
True
Is 6 a factor of 47372?
False
Does 14 divide 718111?
False
Does 28 divide 2751112?
True
Is 411295 a multiple of 3?
False
Is 527988 a multiple of 40?
False
Does 7 divide 23058?
True
Does 107 divide 2105318?
False
Is 1085354 a multiple of 42?
False
Is 72 a factor of 62342?
False
Is 8 a factor of 33511?
False
Is 233916 a multiple of 22?
False
Does 2 divide 1129310?
True
Is 10 a factor of 148537?
False
Does 28 divide 421624?
True
Is 13 a factor of 263612?
False
Is 470 a factor of 164970?
True
Is 36 a factor of 850140?
True
Is 928406 a multiple of 180?
False
Is 32 a factor of 2087872?
True
Is 16 a factor of 119018?
False
Does 14 divide 103200?
False
Does 5 divide 596580?
True
Is 2919709 a multiple of 32?
False
Is 626480 a multiple of 28?
False
Does 13 divide 7673866?
False
Is 20 a factor of 2742263?
False
Is 6687804 a multiple of 12?
True
Is 105732 a multiple of 8?
False
Is 10095969 a multiple of 13?
True
Is 15552300 a multiple of 705?
True
Does 43 divide 381023?
True
Is 32 a factor of 604641?
False
Is 896 a factor of 1412992?
True
Does 77 divide 84234?
False
Does 632 divide 2462272?
True
Is 62 a factor of 125665?
False
Is 157442 a multiple of 397?
False
Is 339504 a multiple of 4?
True
Does 483 divide 1046178?
True
Is 180032 a multiple of 29?
True
Is 89268 a multiple of 258?
True
Is 5 a factor of 240965?
True
Is 470 a factor of 105233?
False
Is 120613 a multiple of 103?
True
Is 24 a factor of 810346?
False
Is 1324862 a multiple of 539?
True
Does 18 divide 131670?
True
Is 850801 a multiple of 19?
True
Is 1144705 a multiple of 22?
False
Does 4 divide 5401?
False
Is 3127450 a multiple of 423?
False
Is 451 a factor of 723858?
False
Does 77 divide 221452?
True
Is 83 a factor of 17818772?
True
Is 9 a factor of 83679?
False
Is 17 a factor of 7495145?
False
Does 25 divide 1783325?
True
Is 8668737 a multiple of 11?
True
Does 17 divide 753697?
False
Is 6688 a multiple of 2?
True
Does 326 divide 354036?
True
Does 157 divide 168569?
False
Is 31372 a multiple of 46?
True
Is 11 a factor of 1881?
True
Does 22 divide 372944?
True
Is 477 a factor of 1115440?
False
Is 287083 a multiple of 26?
False
Is 267456 a multiple of 336?
True
Does 10 divide 3150?
True
Does 6 divide 25790?
False
Is 18401 a multiple of 90?
False
Does 428 divide 400467?
False
Does 6 divide 174846?
True
Is 1032 a factor of 8614104?
True
Does 52 divide 778312?
False
Does 60 divide 924420?
True
Is 94 a factor of 166394?
False
Does 29 divide 106838?
False
Does 417 divide 112173?
True
Is 10 a factor of 2531747?
False
Is 27 a factor of 7297803?
True
Is 3574174 a multiple of 364?
False
Does 656 divide 3693280?
True
Is 28 a factor of 6385876?
True
Is 822074 a multiple of 158?
True
Is 240 a factor of 292379?
False
Does 93 divide 1512166?
False
Does 23 divide 297896?
True
Is 38 a factor of 454822?
True
Is 6442904 a multiple of 533?
True
Does 9 divide 2412231?
False
Is 253 a factor of 780795?
False
Is 176180 a multiple of 115?
True
Does 3 divide 4058457?
True
Is 355418 a multiple of 371?
True
Is 54383 a multiple of 10?
False
Is 192741 a multiple of 2?
False
Is 1240728 a multiple of 51?
True
Is 644226 a multiple of 6?
True
Is 364 a factor of 3563618?
False
Does 69 divide 393990?
True
Does 6 divide 1583084?
False
Does 65 divide 103805?
True
Is 323 a factor of 1023960?
False
Does 226 divide 87618?
False
Is 380165 a multiple of 2?
False
Is 32 a factor of 6723651?
False
Is 736625 a multiple of 125?
True
Is 667350 a multiple of 30?
True
Does 351 divide 3117231?
True
Does 10 divide 183740?
True
Is 36 a factor of 898596?
True
Does 34 divide 1100242?
False
Is 52367 a multiple of 5?
False
Does 270 divide 344790?
True
Is 1853208 a multiple of 8?
True
Is 235008 a multiple of 18?
True
Is 16 a factor of 40976?
True
Is 4345963 a multiple of 83?
True
Is 4 a factor of 2562?
False
Does 73 divide 301709?
True
Is 5368 a multiple of 2?
True
Is 35 a factor of 179200?
True
Is 4 a factor of 1923835?
False
Is 603 a factor of 1197596?
False
Is 571344 a multiple of 16?
True
Is 162 a factor of 15589?
False
Is 23 a factor of 274620?
True
Is 421308 a multiple of 996?
True
Is 259 a factor of 186329?
False
Does 12 divide 1000414?
False
Does 14 divide 96502?
True
Is 164592 a multiple of 9?
True
Does 115 divide 1126931?
False
Does 120 divide 19396427?
False
Is 490 a factor of 9568230?
True
Does 34 divide 3586592?
True
Is 3090880 a multiple of 26?
True
Is 7263 a multiple of 189?
False
Is 61047 a multiple of 19?
True
Does 412 divide 2918364?
False
Is 958502 a multiple of 67?
True
Does 164 divide 3922650?
False
Is 200320 a multiple of 32?
True
Is 315 a factor of 27387387?
False
Is 102431 a multiple of 7?
True
Is 164 a factor of 1861849?
False
Does 36 divide 286300?
False
Does 155 divide 1111970?
True
Does 59 divide 5912579?
False
Is 5 a factor of 35717?
False
Is 30960 a multiple of 80?
True
Is 135 a factor of 173080?
False
Is 111 a factor of 5024304?
True
Does 44 divide 644468?
True
Does 288 divide 258624?
True
Is 3660647 a multiple of 143?
False
Is 3075652 a multiple of 6?
False
Is 746040 a multiple of 40?
True
Is 906794 a multiple of 303?
False
Is 79 a factor of 182885?
True
Does 5 divide 107078?
False
Is 52 a factor of 819884?
True
Does 35 divi